7*l**2 - 4*l + 6. Let t(b) = -9*b**2 - 3*b + 2. Let k(g) = -3*s(g) + 5*t(g). What is the tens digit of k(4)?
7
Let r = 66302 - -31913. What is the ten thousands digit of r?
9
Let v(f) = -2*f + 1. Let z be v(-2). Let n be (6 - z) + 0 + 1 + 0. Suppose -n*y - 90 = -5*y. What is the tens digit of y?
3
Let l be (-600)/(-315) - (-2)/21. Suppose -3*a = -r + 5*r + 967, l*a = 5*r + 1203. What is the hundreds digit of r*(-2)/(4 - 2)?
2
What is the units digit of (-20 - -16) + -1 - -20376?
1
Let y(i) = 3*i - 12. Let l be y(20). Let q = 57 + l. What is the tens digit of q?
0
Let l(z) = -13*z**2 - 5*z - 25 - 4*z - z**3 - 5*z - z. What is the units digit of l(-12)?
1
Let q = 541 - 196. What is the hundreds digit of ((-287)/(-21))/(5/q) - -4?
9
Let k(a) = -7*a - 18. Let t be k(-6). Let u = t - 30. What is the tens digit of (-574)/u - 12/18?
9
Suppose -10106 = -2*d + 59*s - 64*s, 2*d = 3*s + 10106. What is the tens digit of d?
5
Let g be -2*(-4 - (-4)/2). Suppose o - 22 = -4*w, -g*w + o = w - 23. Suppose 0 = -4*x - 4*h + 464, -2*h + 16 = -w*x + 589. What is the tens digit of x?
1
Let w = 694 - 377. Suppose -w = 5*d - 92. Let c = d + 100. What is the units digit of c?
5
What is the thousands digit of (-1 + 310/15)/(35/9135)?
5
Suppose c - 3*g = 9960, 4*c - 2*c + 4*g = 19950. What is the units digit of c?
9
Suppose z = 5*m - 13, 2*z + 10 + 6 = 5*m. Let g be 28*(-6)/(-12) + -10. Suppose g*p - m = 10. What is the units digit of p?
3
Let k = -2027 + 3985. Suppose m + 3*u - 166 = 490, u = 3*m - k. What is the units digit of m?
3
Let q be 3/((-1450)/364 - -4). Let c = -14 - q. Let t = 289 + c. What is the tens digit of t?
9
Let f be (-1)/(1/3) + 17. Suppose 7 - f = w. What is the tens digit of 2/(-6) + w/(-3) + 166?
6
Suppose 0 = 9*u - 1 + 1. Suppose -4*b + 14 = 5*j, j - 10 = -2*b - u*b. Suppose 0 = -4*c + 2*s + 26, b = -c - 4*s + 35. What is the units digit of c?
9
Suppose -9 = 420*d - 423*d, -d = 3*t - 129999. What is the tens digit of t?
3
Let j(f) = 9*f**3 + 530*f**2 + 8*f + 159. What is the thousands digit of j(-56)?
1
Let x = 80 + -73. Let t(d) = -9*d**2 + 10*d - 28. Let k(q) = -13*q**2 + 15*q - 42. Let z(n) = x*t(n) - 5*k(n). What is the units digit of z(5)?
9
What is the thousands digit of 16307/2 + 1773/(-394)?
8
Let f(v) = -7*v + 19. Let w be (-2 - (-57)/6)/(15/(-30)). What is the units digit of f(w)?
4
Suppose 0 = -11*y + 9*y + 6. Suppose 15*v - w = 11*v + 5153, -y*v - w = -3870. What is the units digit of v?
9
Let l = 618 - 254. Suppose 0 = -2*s - 2*s - 3*i - l, -204 = 2*s - 4*i. What is the units digit of 4/(-5) + s/(-5)?
8
Let q be 5/3 + 313/3. Let h = q + -101. Suppose h*k - 65 = 360. What is the units digit of k?
5
Let o = 49565 + -20790. What is the ten thousands digit of o?
2
Suppose -142*j = -298*j + 132*j + 246672. What is the thousands digit of j?
0
Let s(n) = 63*n**3 - 8*n**2 - 58*n + 336. What is the tens digit of s(8)?
1
Suppose l = t + 49483, 0 = -348*l + 343*l - 2*t + 247464. What is the hundreds digit of l?
4
Let w = 23437 - -6939. What is the hundreds digit of w?
3
Let x(m) be the second derivative of -m**4/12 - m**3 + 123*m**2/2 - m. Suppose -84*c + 26 - 12 = 14. What is the units digit of x(c)?
3
Let q(a) = -a**3 + 8*a**2 - 10*a - 12. Let n be q(6). Let d be 3 + -6 - (n + 0). Let u(o) = -32*o - 1. What is the units digit of u(d)?
5
Suppose 5*k + 3*c = 2*k + 49794, 132739 = 8*k - c. What is the units digit of k?
3
Let b(w) = 10*w**2 + 19*w - 91. Let k(t) = 19*t**2 + 39*t - 183. Let i(m) = -7*b(m) + 4*k(m). What is the hundreds digit of i(8)?
4
Suppose 0 = -5*f - a + 11641, -4*f = 4*a - 5617 - 3699. What is the units digit of f?
8
Let x = 171 + -77. Let c = -226 + x. Let a = 196 + c. What is the units digit of a?
4
Suppose -173*p + 17731479 - 7043713 = 89*p. What is the thousands digit of p?
0
Let f be 49*22 - (2 - 28/7). Suppose 412 = 2*d - 2*x, -5*d = -x + 6*x - f. What is the units digit of d?
1
Let u(z) = 10 - 65*z + 1 + 119*z. What is the tens digit of u(7)?
8
Suppose 46 = -2*m + 42, 0 = 2*g + 2*m - 17404. What is the hundreds digit of g?
7
Suppose -4*u - 1080 - 1388 = 0. Let i = u + 1096. What is the hundreds digit of i?
4
Suppose 0 = 2*p - 3*o - 7, o - 7 = -3*p + 2*o. Suppose 3*m + 285 = -4*a, 0*m = -p*m - 4*a - 194. Let n = m + 215. What is the tens digit of n?
2
Let m(w) = -91*w + 2*w**2 + 0*w**2 + 70*w + 12. Let t be m(10). Suppose -u + 2*i + 3*i = -64, 4*i = -t*u + 170. What is the units digit of u?
9
Let b(f) = -11*f**2 + 10*f + 8. Let v(j) = -7*j**2 + 7*j + 6. Let r(x) = 5*b(x) - 8*v(x). Let u be r(6). What is the units digit of ((-20)/u + -2)/(2/992)?
8
Let s(a) = a**3 + 4*a**2 + a - 6. Let k be s(-2). Suppose 5*n = -k*n + 2*q + 3319, -4*q + 1342 = 2*n. What is the hundreds digit of n?
6
Suppose 1153*r - 1155*r + 5*p + 29563 = 0, -p - 59171 = -4*r. What is the ten thousands digit of r?
1
Let w(z) be the third derivative of z**5/60 + 7*z**4/24 + 54*z**3 - 30*z**2. Let f be w(0). Suppose 5*b - 8*b + f = 0. What is the tens digit of b?
0
Suppose -5*u = 4*p - 112005, 5*p - 2*u - 58214 = 81751. What is the ten thousands digit of p?
2
Let l(f) = 1653*f**2 - 259*f + 1037. What is the tens digit of l(4)?
4
Suppose -2*l - y = 3*l - 18276, 2*l - 5*y = 7332. Suppose -3*z - 9 = 0, 0 = 7*h - 3*h + 4*z - l. What is the tens digit of h?
1
Suppose 3*m + 26469 = 2*k - 17434, 65830 = 3*k - m. What is the tens digit of k?
4
Let t = 37671 + -22560. What is the thousands digit of t?
5
Suppose 159 = 3*s + 3*j, 5*s - 4*j - 58 = 4*s. Let d = s - -542. What is the hundreds digit of d?
5
Let g(o) = -o**3 - 6*o**2 - 14*o - 16. Let v(z) = z**2 - 10*z + 9. Let q be v(8). What is the tens digit of g(q)?
3
Suppose 3*t - 12545 = 2*t - 4*x, -5*t = 4*x - 62693. What is the hundreds digit of t?
5
What is the hundreds digit of (4*688/(-192))/((-1)/342)?
9
Let g(s) be the second derivative of -3*s**3/2 - 7*s**2/2 - 2*s - 16. What is the tens digit of g(-3)?
2
Let t be (17 - 21)/((-1)/8). Suppose 0 = 3*f + t - 5. Let i = f + 28. What is the tens digit of i?
1
Let k = 2407 - -10. What is the units digit of k?
7
What is the ten thousands digit of (1083 + 3)*22288/597?
4
Suppose -5*x = -4*g - 22, 0 = -3*x - 2*g - 2*g - 6. Let j = -116 + 64. Let b = x - j. What is the tens digit of b?
5
Let w be ((-57)/(-9) - 3)/(4/(-12)). What is the tens digit of ((24/(-9))/4)/(w/360)?
2
Suppose 0 = -2*q - 4*a - 11 + 1, q = a - 2. What is the hundreds digit of (3 + 768/(-15))*-5 + q?
2
Let w(p) = 9420*p**3 + p - 1. Let d be w(1). Suppose 0*b = 3*b + d. What is the units digit of 7/((-315)/b) - 2/(-9)?
0
Let b be 54/36 + 75/(-2). What is the units digit of (b/(-8))/(1/206)?
7
Suppose 63*n = 494907 + 110107 + 1356491. What is the units digit of n?
5
Let a be ((-4)/20)/((-1)/10). Suppose 2*x - 688 = -a*w, -2*w + 136 = -x - 549. What is the hundreds digit of w?
3
What is the thousands digit of 84212 + (-445)/(-65) + 4/26?
4
Suppose i - 13352 = -4*d + 20579, -3*d = i - 25448. What is the thousands digit of d?
8
Let k(n) = 18*n + 3057 - 1437 - 1487. What is the units digit of k(4)?
5
Suppose 0 = 8*z - 13011 - 67989. What is the hundreds digit of z?
1
Let z(a) be the second derivative of -3/2*a**2 + 14*a + 5/12*a**4 + 2*a**3 + 0. What is the hundreds digit of z(-6)?
1
Suppose 19 + 16 = 5*u - 5*j, -47 = -5*u + j. Let n be ((-12)/(-15))/(2/u). What is the units digit of (1*n/(-5))/((-3)/165)?
4
Let h(p) = -2*p**3 + 6*p**2 - 2*p - 2. Let x be h(2). Suppose 0 = -t - x*i - 2*i + 291, 2*t + 4*i = 590. What is the hundreds digit of t?
2
Suppose -2*v = -3*h + 6322 + 9043, -4*h - 2*v = -20482. What is the hundreds digit of 18/27*h/6?
5
Suppose 0 = -3*l - 4*d + 2378, 3*l - 428 = d + 1955. Suppose 0 = l*c - 792*c - 894. What is the tens digit of c?
4
Suppose 9*v + 44*v - 53 = 0. Let a(y) = 20*y - 5. Let q(c) = 20*c - 4. Let g(t) = -2*a(t) + 3*q(t). What is the tens digit of g(v)?
1
Suppose c - 761040 = -44*c. What is the units digit of c?
2
Let n = -203 + 237. Let f(l) = l**3 - l + 74. Let m be f(0). Let z = m - n. What is the tens digit of z?
4
What is the units digit of 20919/1*((-448)/(-48) - 9)?
3
Suppose 5*b - 1448 = 712. Let n = 888 - b. What is the units digit of n/(-36)*(-6)/4?
9
Let g(n) = -75*n**2 + 3559*n + 39. What is the hundreds digit of g(32)?
1
Suppose -4*y = 2*z - 22, 0 = -3*y